digit of 129666?
9
What is the hundreds digit of 80828?
8
What is the hundreds digit of 55979?
9
What is the units digit of 8133?
3
What is the ten thousands digit of 7348438?
4
What is the tens digit of 2590?
9
What is the thousands digit of 5508806?
8
What is the hundreds digit of 2276514?
5
What is the hundreds digit of 43159?
1
What is the millions digit of 1361004?
1
What is the units digit of 401297?
7
What is the ten thousands digit of 2153282?
5
What is the thousands digit of 92336?
2
What is the thousands digit of 102925?
2
What is the tens digit of 1740?
4
What is the ten thousands digit of 3002826?
0
What is the units digit of 6103849?
9
What is the hundred thousands digit of 33142781?
1
What is the hundreds digit of 7431872?
8
What is the units digit of 559043?
3
What is the hundreds digit of 118032?
0
What is the hundred thousands digit of 19074464?
0
What is the tens digit of 334490?
9
What is the hundred thousands digit of 571032?
5
What is the hundreds digit of 3466063?
0
What is the thousands digit of 386381?
6
What is the units digit of 911061?
1
What is the units digit of 979951?
1
What is the millions digit of 15650542?
5
What is the tens digit of 222017?
1
What is the ten thousands digit of 3262584?
6
What is the units digit of 1344756?
6
What is the hundreds digit of 710?
7
What is the ten thousands digit of 5754191?
5
What is the thousands digit of 3687971?
7
What is the hundred thousands digit of 4099385?
0
What is the hundred thousands digit of 706729?
7
What is the tens digit of 22964778?
7
What is the tens digit of 134202?
0
What is the hundred thousands digit of 619558?
6
What is the units digit of 2100323?
3
What is the tens digit of 849374?
7
What is the hundreds digit of 3316486?
4
What is the hundred thousands digit of 1271689?
2
What is the thousands digit of 256557?
6
What is the tens digit of 94975?
7
What is the units digit of 186160?
0
What is the hundred thousands digit of 113198?
1
What is the ten thousands digit of 4196877?
9
What is the hundred thousands digit of 739330?
7
What is the hundreds digit of 73946?
9
What is the thousands digit of 506124?
6
What is the ten thousands digit of 1172780?
7
What is the ten thousands digit of 48923?
4
What is the hundred thousands digit of 231429?
2
What is the units digit of 3077627?
7
What is the ten thousands digit of 14931124?
3
What is the thousands digit of 242341?
2
What is the hundreds digit of 8631500?
5
What is the tens digit of 8316619?
1
What is the hundreds digit of 10463?
4
What is the ten thousands digit of 9600736?
0
What is the ten thousands digit of 2533160?
3
What is the ten thousands digit of 533103?
3
What is the thousands digit of 97419?
7
What is the tens digit of 20188832?
3
What is the hundreds digit of 50876?
8
What is the units digit of 7058255?
5
What is the ten thousands digit of 688704?
8
What is the millions digit of 11578356?
1
What is the tens digit of 1058519?
1
What is the tens digit of 1025001?
0
What is the hundred thousands digit of 659016?
6
What is the units digit of 3435963?
3
What is the tens digit of 210630?
3
What is the thousands digit of 26480?
6
What is the ten thousands digit of 1769303?
6
What is the tens digit of 18280522?
2
What is the tens digit of 523529?
2
What is the ten thousands digit of 4401781?
0
What is the thousands digit of 101128?
1
What is the thousands digit of 5492100?
2
What is the tens digit of 151395?
9
What is the thousands digit of 2034168?
4
What is the millions digit of 5488069?
5
What is the tens digit of 337663?
6
What is the hundreds digit of 542112?
1
What is the ten thousands digit of 7114631?
1
What is the units digit of 105031?
1
What is the thousands digit of 409778?
9
What is the units digit of 8075352?
2
What is the hundreds digit of 2557974?
9
What is the tens digit of 855190?
9
What is the units digit of 37738?
8
What is the tens digit of 1877142?
4
What is the hundreds digit of 152764?
7
What is the tens digit of 8074?
7
What is the units digit of 5066099?
9
What is the units digit of 11754746?
6
What is the tens digit of 8192605?
0
What is the units digit of 1358261?
1
What is the ten thousands digit of 304757?
0
What is the units digit of 208452?
2
What is the millions digit of 2541771?
2
What is the ten thousands digit of 72239?
7
What is the units digit of 3769580?
0
What is the tens digit of 4224887?
8
What is the ten thousands digit of 25230909?
3
What is the ten thousands digit of 15773211?
7
What is the hundred thousands digit of 137075?
1
What is the thousands digit of 452778?
2
What is the hundreds digit of 92885?
8
What is the tens digit of 2165845?
4
What is the ten thousands digit of 935053?
3
What is the hundreds digit of 2096371?
3
What is the hundred thousands digit of 4777822?
7
What is the ten thousands digit of 136062?
3
What is the thousands digit of 391758?
1
What is the hundreds digit of 34163?
1
What is the ten thousands digit of 133175?
3
What is the thousands digit of 22060046?
0
What is the tens digit of 150486?
8
What is the ten thousands digit of 96269?
9
What is the tens digit of 2749501?
0
What is the units digit of 345503?
3
What is the millions digit of 1812504?
1
What is the tens digit of 8526089?
8
What is the thousands digit of 73276?
3
What is the units digit of 773854?
4
What is the ten thousands digit of 4374144?
7
What is the ten thousands digit of 1351060?
5
What is the hundreds digit of 369428?
4
What is the ten thousands digit of 14659376?
5
What is the units digit of 1680433?
3
What is the hundred thousands digit of 2346998?
3
What is the hundreds digit of 25976886?
8
What is the ten thousands digit of 19006988?
0
What is the hundred thousands digit of 334304?
3
What is the thousands digit of 220879?
0
What is the thousands digit of 536493?
6
What is the hundreds digit of 4984605?
6
What is the ten thousands digit of 255643?
5
What is the tens digit of 151584?
8
What is the units digit of 692513?
3
What is the tens digit of 4509902?
0
What is the ten thousands digit of 565813?
6
What is the ten thousands digit of 27869?
2
What is the ten thousands digit of 346301?
4
What is the hundreds digit of 23282045?
0
What is the hundred thousands digit of 30487494?
4
What is the hundred thousands digit of 2883966?
8
What is the hundreds digit of 2355?
3
What is the hundreds digit of 127206?
2
What is the tens digit of 12386676?
7
What is the units digit of 3096004?
4
What is the hundreds digit of 1241240?
2
What is the thousands digit of 16409925?
9
What is the units digit of 10837317?
7
What is the ten thousands digit of 14656907?
5
What is the thousands digit of 657816?
7
What is the units digit of 483758?
8
What is the tens digit of 1095298?
9
What is the tens digit of 1042716?
1
What is the hundred thousands digit of 194881?
1
What is the tens digit of 130322?
2
What is the tens digit of 1670126?
2
What is the hundred thousands digit of 1322781?
3
What is the millions digit of 19620119?
9
What is the hundred thousands digit of 513012?
5
What is the hundreds digit of 7762834?
8
What is the tens digit of 24413392?
9
What is the hundreds digit of 139148?
1
What is the units digit of 64408?
8
What is the ten thousands digit of 12203092?
0
What is the hundred thousands digit of 878510?
8
What is the hundred thousands digit of 519212?
5
What is the ten thousands digit of 23432197?
3
What is the hundreds digit of 322236?
2
What is the hundred thousands digit of 632762?
6
What is the ten thousands digit of 76906?
7
What is the ten thousands digit of 3476657?
7
What is the hundred thousands digit of 9052121?
0
What is the thousands digit of 796965?
6
What is the ten thousands digit of 166640?
6
What is the hundred thousands digit of 369590?
3
What is the hundreds digit of 3802207?
2
What is the tens digit of 3825451?
5
What is the thousands digit of 1052366?
2
What is the millions digit of 6685913?
6
What is the ten thousands digit of 50688?
5
What is the thousands digit of 2387100?
7
What is the hundred thousands digit of 1478595?
4
What is the units digit of 110646?
6
What is the ten thousands digit of 260867?
6
What is the hundreds digit of 15638?
6
What is the tens digit of 16129609?
0
What is the ten thousands digit of 463591?
6
What is the te